 2b97 - -9?
2ba1
In base 8, what is 6376 + 15?
6413
In base 6, what is 233233 - 3?
233230
In base 3, what is 1122022100112 + 1?
1122022100120
In base 2, what is 1011010111001100 + 100010?
1011010111101110
In base 13, what is -13134 - -2?
-13132
In base 15, what is -35d + 2ed?
-60
In base 8, what is 150 + 22334?
22504
In base 15, what is -1e24 + 10d?
-1d16
In base 6, what is -403240 + -22?
-403302
In base 9, what is 28161 + -5?
28155
In base 15, what is -6b + -63?
-ce
In base 4, what is 112031320 + -11?
112031303
In base 9, what is 346 + 880?
1336
In base 3, what is -2 - 1120202010?
-1120202012
In base 3, what is -1112012 + -1110200?
-2222212
In base 4, what is 3011 - -310?
3321
In base 3, what is 2012020 - -211?
2020001
In base 12, what is 796977 + -2?
796975
In base 3, what is -2200220 + -101020?
-10002010
In base 6, what is 135444 + -343?
135101
In base 6, what is -25454 + -42?
-25540
In base 11, what is a90 + 309?
1299
In base 5, what is -22112 + -200?
-22312
In base 7, what is 60254 - -10?
60264
In base 10, what is 2 - 498446?
-498444
In base 5, what is 4132200 + -2?
4132143
In base 11, what is 2 - -10922?
10924
In base 2, what is 10000110001000110000 + -101?
10000110001000101011
In base 15, what is -5 + 48d1?
48cb
In base 11, what is -3 + -7776?
-7779
In base 10, what is 2 + 592799?
592801
In base 11, what is -504 - 890?
-1294
In base 2, what is -11000101010 + -10?
-11000101100
In base 8, what is -13401 - -514?
-12665
In base 16, what is -6 - -1e30?
1e2a
In base 13, what is ab - -75?
153
In base 16, what is f6c6 - 4?
f6c2
In base 11, what is 5 - -5279?
5283
In base 2, what is -100110 - -10010110011111010?
10010110011010100
In base 8, what is 30 - -27756?
30006
In base 9, what is -32 + 15037?
15005
In base 14, what is 32c + -c8?
244
In base 10, what is -1 - -42478?
42477
In base 8, what is 2 + -54002?
-54000
In base 7, what is -1223 + 1425?
202
In base 8, what is -65 - 27545?
-27632
In base 12, what is 75 - -14204?
14279
In base 6, what is -3 + -34124?
-34131
In base 14, what is 3bbb3 - 5?
3bbac
In base 12, what is 164 - 35a?
-1b6
In base 7, what is -415606 - -104?
-415502
In base 12, what is bbaa7 - 0?
bbaa7
In base 13, what is -17381 - -1?
-17380
In base 8, what is 6 - -571761?
571767
In base 3, what is 11 + -211212200?
-211212112
In base 15, what is 12b9 + 7?
12c1
In base 7, what is 2 + 60142?
60144
In base 13, what is 0 + -1b7bb?
-1b7bb
In base 3, what is -21212100022 + 10?
-21212100012
In base 3, what is -1122010212 + 100?
-1122010112
In base 16, what is 7 - 1f74f?
-1f748
In base 4, what is 1132 - 12321?
-11123
In base 16, what is -770 - 7?
-777
In base 13, what is 34 + 258?
28c
In base 16, what is -382f - 8?
-3837
In base 8, what is 365115 + -6?
365107
In base 14, what is -1b5 + ca8?
ad3
In base 2, what is -101010 + -1110100111?
-1111010001
In base 3, what is -10102 - 20020?
-100122
In base 6, what is 10 - -222500?
222510
In base 8, what is 16326 + -24?
16302
In base 4, what is 10 - 1323320?
-1323310
In base 3, what is -1022021222 - -11?
-1022021211
In base 9, what is 102 + 1022?
1124
In base 11, what is 17855 + -25?
17830
In base 5, what is -1341412 + 3?
-1341404
In base 4, what is 1 - -3333321?
3333322
In base 14, what is 1 + 679?
67a
In base 15, what is -1499 - -5?
-1494
In base 6, what is -2302 + 2511?
205
In base 14, what is 449 + -d?
43a
In base 12, what is -82 + -1b81?
-2043
In base 12, what is -8626b + 0?
-8626b
In base 9, what is 20 + -1440?
-1420
In base 14, what is -28 - -11b?
d3
In base 13, what is 4 + -20831?
-2082a
In base 10, what is -113786 + -4?
-113790
In base 7, what is -101626 - -553?
-101043
In base 13, what is 4a75 + -19?
4a59
In base 13, what is -916 + 3c?
-8a7
In base 7, what is 20214405 + -4?
20214401
In base 8, what is 6 - 63453?
-63445
In base 12, what is 17 - 582b5?
-5829a
In base 16, what is 1 + 63490?
63491
In base 9, what is -262 - -1456?
1184
In base 4, what is 112 - 333223?
-333111
In base 5, what is -43 - -4220113?
4220020
In base 10, what is -2654 - -4?
-2650
In base 12, what is 1 + -2042?
-2041
In base 3, what is -122001212 - -11?
-122001201
In base 7, what is -154 + 424?
240
In base 8, what is 1045 - 3123?
-2056
In base 16, what is -21 + -382?
-3a3
In base 14, what is -12 + 2073?
2061
In base 5, what is 2 - -12144222?
12144224
In base 9, what is 47304 + 5?
47310
In base 16, what is 968a2 - -1?
968a3
In base 7, what is 4 - -1463613?
1463620
In base 2, what is 1100000001011010001 - -1?
1100000001011010010
In base 12, what is -2 - 376050?
-376052
In base 15, what is -7d - 1b1?
-23e
In base 5, what is -100444 - 242?
-101241
In base 11, what is 6a495 - 21?
6a474
In base 2, what is -1100000101 - -110010110010?
100110101101
In base 9, what is 1 - 771363?
-771362
In base 2, what is 1001000111001111000 + -100?
1001000111001110100
In base 4, what is 33101311 + 22?
33101333
In base 16, what is 28 + -3e6?
-3be
In base 6, what is 25 - 103341?
-103312
In base 10, what is -226157 + -7?
-226164
In base 11, what is -4522 + -566?
-4a88
In base 4, what is 3332 - 320?
3012
In base 6, what is -2 + -2522015?
-2522021
In base 5, what is -2120 - 3024?
-10144
In base 13, what is 516 - 14?
502
In base 6, what is 1105 - -2300?
3405
In base 4, what is 213 + -200331?
-200112
In base 10, what is 496 - 166?
330
In base 10, what is -27000 - -3?
-26997
In base 3, what is 1001110110 - -1?
1001110111
In base 13, what is 80 + -192?
-112
In base 14, what is -4 - -85bb?
85b7
In base 13, what is -627 + -3b4?
-a0b
In base 11, what is -5a3 - -70?
-533
In base 3, what is 2 - 10021112102020?
-10021112102011
In base 12, what is -271 - 186?
-437
In base 12, what is -3 + 48b9?
48b6
In base 13, what is 27b35 + 2?
27b37
In base 12, what is -383735 - -4?
-383731
In base 3, what is 210 + -222000?
-221020
In base 7, what is 324 - 124560?
-124233
In base 12, what is 3 - -112143?
112146
In base 7, what is -12406166 - 5?
-12406204
In base 12, what is -274b3 + -b?
-27502
In base 11, what is 48354 - -20?
48374
In base 4, what is 10021 + -232?
3123
In base 16, what is 62 - -43e?
4a0
In base 16, what is -7 + -44ef?
-44f6
In base 8, what is 203 - -707?
1112
In base 10, what is 181326 + 3?
181329
In base 7, what is -3 - 1022234?
-1022240
In base 3, what is -1001 - 22101?
-100102
In base 6, what is 10 + 5424544?
5424554
In base 9, what is -1245115 - 4?
-1245120
In base 12, what is -26500b - 3?
-265012
In base 10, what is -39 - -208?
169
In base 3, what is -22101 + 12211?
-2120
In base 14, what is -1 + 64842?
64841
In base 11, what is 2a41a + 5?
2a424
In base 16, what is 3a99 + -3?
3a96
In base 13, what is 10 + 7558?
7568
In base 12, what is -13 - -a35?
a22
In base 5, what is 1 - 103030?
-103024
In base 12, what is 11b38 + -3?
11b35
In base 11, what is -1441446 + 1?
-1441445
In base 16, what is 49e + -ad?
3f1
In base 9, what is -36 + -1853?
-2000
In base 13, what is -421c6 - 3?
-421c9
In base 12, what is a9b - -21?
b00
In base 5, what is -1 - -23223322?
23223321
In base 13, what is -a6568 + 2?
-a6566
In base 4, what is 3210 + 13022?
22232
In base 10, what is 0 + 416574?
416574
In base 8, what is 114 - 4775?
-4661
In base 2, what is -101011101100111 + -111?
-101011101101110
In base 5, what is -34301 - 214?
-40020
In base 3, what is -20222 - 12?
-21011
In base 8, what is -412 - -17234?
16622
In base 6, what is 2335 + 410?
3145
In base 4, what is -203101 + 1023?
-202012
In base 10, what is 0 - -9069?
9069
In base 8, what is -24 + -2404?
-2430
In base 3, what is 20 + 1001122021112?
1001122021202
In base 14, what is 75 - -26c4?
2759
In base 6, what is 5 + 112015?
112024
In base 9, what is -728 + -60?
-788
In base 10, what is -49303 + 5?
-49298
In base 4, what is -30 - -3123003?
3122313
In base 7, what is -3 - 106254?
-106260
In base 6, what is 5122 + 2?
5124
In base 14, what is -5 + -1500?
-1505
In base 2, what is 1101001110010110 - 111110?
1101001101011000
In base 11, what is 3 - 18a8a8?
-18a8a5
In base 2, what is -100 - -10010111100110110?
10010111100110010
In base 6, what is 11 + -115231?
-115220
In base 7, what is -1243 - -430?
-513
In base 16, what is -5c17 + 4?
-5c13
In base 15, what is 57 + 261?
2b8
In base 9, what is 201013 + 4?
201017
In base 2, what is 11001010101 - 11110?
11000110111
In base 6, what is 5 - 310404?
-310355
In base 3, what is -10001